r = 307 + -305. Is ((-13239)/r)/(9/(-6)) a composite number?
True
Let r(j) = -4*j + 0*j + 14*j**2 + 3*j**2 - 7*j**2 - 41. Let p be r(19). Suppose 0 = x - 2*c - 871, -6*x + 5*c + p = -2*x. Is x prime?
True
Suppose v + 2*h = 0, 3*v - 3 = -5*h + 1. Suppose -v*j + 8 = -4*j. Suppose -3*y - 3147 = -5*q - 2*y, y + j = 0. Is q prime?
False
Suppose 0 = 63*r + 71*r - 142*r + 2797576. Is r prime?
True
Suppose -30*h + 10*h - 47140 = -665360. Is h composite?
False
Suppose -4*b + 2*y + 107898 = 0, y + 140396 = 5*b + 5516. Is b prime?
False
Let k = 16 - 11. Suppose q - 9 = -3*x, 2*x = -q + k - 0. Suppose 0*r + f - 6624 = -x*r, -3*r + 4975 = -f. Is r composite?
False
Suppose 0 = -40*w + 30*w - 6690. Let x = 9524 - w. Is x a composite number?
False
Suppose u = t + 1896414, 407821 = 4*u + t - 7177800. Is u a composite number?
False
Let o = 26783 + -9369. Is o prime?
False
Let y = 416 + -413. Suppose -21192 = -y*d - 3*t, -2*t - 4 + 6 = 0. Is d prime?
False
Suppose 0 = 4*p + 177 - 685. Is p prime?
True
Let z = 68 - 66. Suppose -z*g + 3683 + 8123 = 0. Is g composite?
False
Let j(h) = h**3 - 6*h**2 + 2*h - 8. Let f be j(6). Suppose 0 = n + f*n + 450. Let b = -86 - n. Is b prime?
False
Let u(o) = 2*o**2 + 10*o - 24. Let z be u(-7). Suppose 4*i - 8608 = -z*a, -2*i = 5*a - 3*i - 10766. Is a a composite number?
False
Let n be (6/(-15))/(816/90 + -9). Is 8/n - (-78)/36*1682 a composite number?
False
Let n(i) = i**2 - 16*i + 5. Suppose 64 = -116*w + 120*w. Let q be n(w). Suppose 5*y - 3028 = -2*d + 543, q*d = 3*y + 8974. Is d prime?
False
Let p = -83 + 89. Let k(m) = -m**3 + 7*m**2 - 5*m - 6. Let h be k(p). Is -2 + 0 + 2163 - h a prime number?
True
Suppose 2*p + 155 + 339 = -5*j, -2*p - 498 = 4*j. Let r = p + 1396. Is r a prime number?
False
Suppose -9*i + 80 = i. Suppose -2*a + i = 0, -m = -5*a - 900 - 5201. Is m composite?
False
Suppose l - 40 = -5*v - 3*l, 0 = -5*v + 5*l + 85. Suppose -i = -3*u + 4, -5*u - 3*i = -3*u + v. Is 995 + -2 + u/(-3) composite?
True
Suppose -7*y = -5*y - 5*b - 32948, y - b - 16471 = 0. Is y composite?
True
Let n(u) be the third derivative of 3/20*u**5 - 1/4*u**4 + u**2 + 0 + 0*u + 11/6*u**3. Is n(-6) a prime number?
False
Let q(n) = -n**3 + 67*n**2 - 121*n + 226. Is q(51) a prime number?
True
Let m(d) = -7*d**3 - 5*d**2 - 108*d - 211. Is m(-57) composite?
True
Let x(c) = 20*c**3 + 305*c**2 + 8*c - 96. Is x(-13) a composite number?
True
Let x(p) = -10444*p + 1079. Is x(-5) a composite number?
False
Let p = -219 - -239. Is ((-37)/5)/(p/(-13700)) composite?
True
Suppose 10*c + 249*n - 246*n - 891218 = 0, 0 = 5*c - 5*n - 445635. Is c a composite number?
False
Suppose -270635 = -2*t - 3*u, 5*t - 614107 = 3*u + 62449. Is t prime?
False
Let v be 23/(-299) - 158/(-26). Let m(a) be the first derivative of a**4/4 + 3*a**3 + 5*a**2/2 - 13*a - 2. Is m(v) a prime number?
True
Suppose 3*c = q + 4*c + 4, -2*q - c = 8. Let r be (-1080)/(-4) + q - -1. Suppose r = -4*n + 2231. Is n composite?
False
Let m = 2483337 - 1769408. Is m a prime number?
False
Let z be (-10)/65 + (-892)/(-52). Let u(n) = -7 + 25 + z*n + 23. Is u(20) a prime number?
False
Suppose 20*n + 3*n - 26170810 = 15486399. Is n a prime number?
False
Let m(w) = 5546*w**2 - 170*w - 1393. Is m(-8) composite?
False
Suppose 70 = s + b - 0, -b - 362 = -5*s. Suppose 2*u = -3*q - 741 + s, -4*u - 3*q - 1353 = 0. Let o = u - -973. Is o a prime number?
True
Let m = 584 + -634. Is (14020/m)/(4/(-70)) composite?
True
Let b(m) = 155*m**2 + 4*m + 10. Let j be (-124)/(-18) - 28/(-252). Let x be b(j). Suppose 7*g - 6094 = x. Is g a prime number?
False
Let x(l) be the first derivative of -14 + 0*l**2 + 1/3*l**3 + 0*l - 179/2*l**4. Is x(-1) composite?
False
Let l(i) = -2569*i + 669. Is l(-8) composite?
False
Let f(g) = -71*g**3 - 4*g**2 + 5*g + 14. Let b be f(-8). Suppose -41*h + 9727 + b = 0. Is h prime?
True
Let x = -25 - -28. Suppose -10 - 14 = -x*g. Suppose 5*h - 5*u = 595, 2*h + g*u - 3*u = 266. Is h composite?
True
Let w(a) = 46062*a**2 - 2*a - 1. Let j be -1 + -2 + (16 - 12). Let n be w(j). Suppose -12*q - q = -n. Is q composite?
True
Is (2/3)/(2270744/(-454152) + 5) composite?
True
Suppose 5*j + 4*u = 122 - 30, -j + 4 = -4*u. Suppose -j*l = -23*l + 24997. Is l prime?
True
Suppose 4*d - y - 25728 = 0, -8*d + 5*y = -7*d - 6451. Is d a prime number?
False
Let l(r) = -39*r**2 - 25*r + 5. Let j be l(19). Let z = -9378 - j. Is z prime?
True
Let q(a) = -1184*a - 18 + 4325*a + 3 + 0 + 2653*a. Is q(1) a composite number?
False
Suppose 6*s - 54*s - 288 = 0. Is (67610/4)/(s*(-7)/84) a composite number?
True
Let x = -109 + 100. Is x/((-486)/12) - 80557/(-9) a prime number?
True
Suppose c + 0*c = -16. Let x be (6/(-8))/(4/c). Suppose 2*m - x*m + 1666 = -3*l, 5*m = l + 8288. Is m a prime number?
True
Suppose 78*d - 629272 + 11348154 = 224*d. Is d a prime number?
True
Let v = -7443 + 24524. Let s = v + -6604. Is s composite?
False
Let m be 24/(-18) - 8*(-2)/12. Suppose -3*r - 6*r + 33363 = m. Is r composite?
True
Let o = 1 + -16. Let z be 18138/5 + (-6)/o. Suppose h + 3*h = z. Is h a prime number?
True
Let w(o) = -o**2 + 4*o + 8. Suppose 4*j - z - 16 = 0, 3*j = -0*z - 4*z + 31. Let s be w(j). Is (17 + 4)/(s - 2) composite?
True
Let l(r) = 16*r**2 - 6*r**2 + 12 + 23 + 10*r**2 - 18*r. Is l(7) a prime number?
False
Let a(k) = 2230*k + 950357. Is a(0) a prime number?
True
Suppose 5*g = -4*o + 24, 2*o + o - 7 = -g. Let i(y) be the third derivative of 45*y**4/2 + 13*y**3/6 - y**2 - 11*y - 39. Is i(g) prime?
False
Let t be ((-25)/40*2)/(2/(-8)). Suppose -b + t = -40. Is 10/b - (-72604)/36 a composite number?
False
Let m = -1510 - -2168. Suppose w = -2*w + 273. Is m/4*(-13)/(w/(-14)) composite?
True
Suppose -252692 = -30*f + 98111 + 2740907. Is f composite?
True
Let f be -7*1174*(-5)/35. Suppose -3*b = -b - 1470. Let t = f - b. Is t a prime number?
True
Let f = -16113 + 30841. Suppose f = 17*h + 4749. Is h a prime number?
True
Let b(l) = 5*l**2 - 1. Let i be b(-1). Suppose -4*q = -i*g - 8981 + 1953, -4*q + 7028 = -3*g. Is q a composite number?
True
Let t(k) = 4*k**2 - 4*k - 119. Let z be t(-19). Suppose 5*l = 3466 - z. Is l a prime number?
False
Is -3 - (-11)/((-110)/(-341420)) a prime number?
False
Let w(f) = -f + 8. Suppose 0 = 7*n - n + 30. Let k be w(n). Is (k/2)/(5/310) a prime number?
False
Suppose 851905 = 35*l - 1471990. Is l prime?
False
Suppose 5*v - 228937 = -18*d + 14*d, v + 4*d = 45797. Is v a prime number?
False
Suppose -425*a + 465059 = -418*a. Is a a composite number?
True
Suppose 844843 = 15*a - 14*a - 3*w, w - 3379450 = -4*a. Is a a prime number?
True
Let w = -221117 - -448768. Is w a composite number?
False
Let q be (-24)/(-32) + (1 - 938/(-8)). Let y = q - 116. Suppose 0 = -y*n + 4*r - 6*r + 8921, n - 2951 = 5*r. Is n a composite number?
False
Let k(t) = -t**2 + 7*t + 2. Let j be k(7). Suppose 3*h = -j*d - 203, 4*h + d + 165 = -104. Let v = h + 136. Is v a composite number?
True
Let u = 30357 + 42824. Is u composite?
False
Let o(d) = -41*d**3 + 77*d**2 + 310*d + 187. Is o(-56) prime?
False
Let i(d) = -2*d**2 + 11*d + 7. Let r(v) = 5*v**2 - 23*v - 14. Let c(n) = 7*i(n) + 3*r(n). Let g be c(-8). Suppose 0 = -g*k + 2*k + 2825. Is k a prime number?
False
Let o be 74209/3 - 27/81. Suppose -5*b - o = -2*t - 2*t, -30925 = -5*t + 5*b. Is t a prime number?
False
Let y = 120 - 118. Suppose 5*w - 16837 = -4*i, 0*i + y*w + 12645 = 3*i. Is i a prime number?
False
Suppose -2*c + 8642 = 2*b, 36*b - 32*b - 17284 = -5*c. Is b prime?
False
Let r be 4/(5 - 4) - 3. Let s be -1 - (r - 40 - 1). Suppose -34*g - 615 = -s*g. Is g composite?
True
Let i(t) = 564*t**3 - t**2 + 45*t + 15. Is i(7) a prime number?
False
Suppose -5*f + i + 91757 = -66047, 2*f - 63120 = 2*i. Is f composite?
True
Let y be ((0 - 11713) + (5 - 9))/(-1). Let h = 19626 - y. Is h a composite number?
True
Is 50535 - ((-4)/(-16)*0 + 12/(-6)) a prime number?
False
Suppose 197*y + 172*y - 3526323 = 4134486. Is y composite?
True
Suppose -5*w + 7*w + 5*z - 378 = 0, 2*z + 180 = w. Is (-9 - w)*11*-1 prime?
False
Suppose -4*q = 4*h - 660644, 2*h + 165161 = 158*q - 157*q. Is q a prime number?
True
Let k = 51923 + 35394. Is k composite?
False
Suppose 143376186 - 37356377 = 287*g. Is g a prime number?
True
Suppose 19*f - 68*f + 2459901 = 80*f. Is f composite?
False
Suppos